{"id":929,"date":"2023-09-17T16:08:15","date_gmt":"2023-09-17T09:08:15","guid":{"rendered":"http:\/\/htxdvnncuuan.com.vn\/?post_type=product&#038;p=929"},"modified":"2024-09-23T13:23:28","modified_gmt":"2024-09-23T06:23:28","slug":"ca-phe-linh-chi-250g","status":"publish","type":"product","link":"https:\/\/htxdvnncuuan.com.vn\/?product=ca-phe-linh-chi-250g","title":{"rendered":"B\u00c1NH TR\u00c1NG G\u1ea0O AN NAM"},"content":{"rendered":"<p>Theo ch\u1ecb Huy, \u0110\u1ec3 l\u00e0m ra nh\u1eefng c\u00e1i b\u00e1nh m\u1ec1m, dai, th\u01a1m v\u00e0 ti\u1ec7n d\u1ee5ng \u0111i\u1ec1u quan tr\u1ecdng l\u00e0 ph\u1ea3i l\u1ef1a ch\u1ecdn \u0111\u01b0\u1ee3c nh\u1eefng lo\u1ea1i g\u1ea1o nguy\u00ean li\u1ec7u ngon, \u0111\u01b0\u1ee3c tr\u1ed3ng \u1edf nh\u1eefng th\u1eeda ru\u1ed9ng c\u1ee7a v\u00f9ng \u0111\u1ea5t C\u1eedu An\u00a0 (\u0111\u1eb7c bi\u1ec7t l\u00e0 g\u1ea1o U \u1ea3i 32). Sau \u0111\u00f3 l\u00e0 s\u1ef1 tinh t\u1ebf v\u00e0 kinh nghi\u1ec7m trong vi\u1ec7c ng\u00e2m \u1ee7 g\u1ea1o c\u0169ng nh\u01b0 vi\u1ec7c l\u00e0m kh\u00f4 c\u00e1i b\u00e1nh tr\u00e1ng. N\u1ebfu \u0111\u01b0\u1ee3c l\u00e0m kh\u00f4 b\u1eb1ng c\u00e1ch ph\u01a1i n\u1eafng th\u00ec c\u00e1i b\u00e1nh tr\u00e1ng s\u1ebd l\u01b0u \u0111\u01b0\u1ee3c h\u01b0\u01a1ng th\u01a1m t\u1ef1 nhi\u00ean v\u00e0 ch\u1ea5t l\u01b0\u1ee3ng t\u1ed1t nh\u1ea5t. B\u00e1nh tr\u00e1ng nh\u00fang c\u00f3 th\u1ec3 \u0103n c\u00f9ng v\u1edbi v\u00f4 v\u00e0ng m\u00f3n kh\u00e1c, hay th\u1eadm ch\u00ed b\u00e1nh tr\u00e1ng l\u00e0 m\u00f3n ch\u00ednh \u0111\u01b0\u1ee3c s\u00e1ng t\u1ea1o c\u00f9ng r\u1ea5t nhi\u1ec1u ki\u1ec3u \u0103n kh\u00e1c nhau. Tuy nhi\u00ean \u0111\u00fang l\u00e0 m\u1ed7i m\u1ed9t v\u00f9ng, m\u1ed7i m\u1ed9t \u0111\u1ecba ph\u01b0\u01a1ng th\u00ec v\u0103n h\u00f3a \u0103n b\u00e1nh tr\u00e1ng l\u1ea1i r\u1ea5t kh\u00e1c nhau. C\u00f3 nh\u1eefng n\u01a1i th\u00ec d\u00f9ng b\u00e1nh tr\u00e1ng t\u1ea1o n\u00ean nh\u1eefng m\u00f3n \u0103n v\u1eeba quen v\u1eeba l\u1ea1, c\u00f3 nh\u1eefng n\u01a1i ch\u1ec9 c\u1ea7n gi\u1eef nguy\u00ean s\u1ef1 \u0111\u01a1n gi\u1ea3n m\u1ed9c m\u1ea1c c\u1ee7a b\u00e1nh tr\u00e1ng \u0111\u1ec3 ch\u1ebf bi\u1ebfn m\u00f3n \u0103n cho \u0111\u1ecba ph\u01b0\u01a1ng m\u00ecnh. \u00a0B\u1edfi l\u1ebd t\u1eebng chi\u1ebfc B\u00e1nh tr\u00e1ng g\u1ea1o An Nam ch\u00ednh l\u00e0 linh h\u1ed3n, l\u00e0 c\u00f4ng s\u1ee9c, l\u00e0 t\u00e2m huy\u1ebft c\u1ee7a nh\u1eefng ng\u01b0\u1eddi th\u1ee3 l\u00e0nh ngh\u1ec1, qua bao \u0111\u1eddi g\u1eafn b\u00f3 v\u1edbi ngh\u1ec1 l\u00e0m b\u00e1nh tr\u00e1ng \u1edf C\u1eedu An d\u1eabu bao th\u0103ng tr\u1ea7m \u0111\u1ed5i thay, l\u00e0m bi\u1ebft bao nhi\u00eau ngh\u1ec1 \u0111\u1ec3 m\u01b0u sinh nh\u01b0ng ng\u01b0\u1eddi d\u00e2n n\u01a1i \u0111\u00e2y v\u1eabn l\u01b0u gi\u1eef n\u00e9t v\u0103n ho\u00e1, l\u01b0u truy\u1ec1n qua nhi\u1ec1u th\u1ebf h\u1ec7. C\u00f3 th\u1ec3 n\u00f3i r\u1eb1ng, \u0111\u1eddi b\u00e1nh c\u0169ng v\u1ea5t v\u1ea3 nh\u01b0 \u0111\u1eddi ng\u01b0\u1eddi v\u00ec ph\u1ea3i qua nh\u1eefng c\u00f4ng \u0111o\u1ea1n ng\u00e2m n\u01b0\u1edbc, xay b\u1ed9t, tr\u1ea3i qua nhi\u1ec7t \u0111\u1ed9 cao. Ph\u1ea3i ba ch\u00ecm b\u1ea3y n\u1ed5i qua c\u00e1c c\u00f4ng \u0111o\u1ea1n m\u1edbi c\u00f3 h\u00ecnh h\u00e0i \u201cB\u00e1nh tr\u00e1ng g\u1ea1o An Nam\u201d d\u1ebbo, th\u01a1m ngon, b\u1eaft m\u1eaft, chu\u1ea9n v\u1ecb d\u00e2ng cho \u0111\u1eddi v\u00e0 ch\u00ednh t\u1eeb l\u1ebd \u0111\u00f3, kh\u00e1ch h\u00e0ng trong v\u00e0 ngo\u00e0i t\u1ec9nh r\u1ea5t tin d\u00f9ng.<\/p>\n<p>H\u00e3y th\u1eed th\u01b0\u1edfng th\u1ee9c b\u00e1nh tr\u00e1ng g\u1ea1o An Nam \u0111\u1ec3 kh\u00e1m ph\u00e1 h\u01b0\u01a1ng v\u1ecb truy\u1ec1n th\u1ed1ng v\u00e0 \u0111\u1ed9c \u0111\u00e1o c\u1ee7a m\u00f3n \u0103n n\u00e0y<\/p>\n","protected":false},"excerpt":{"rendered":"<p>Sau \u0111\u00f3 l\u00e0 s\u1ef1 tinh t\u1ebf v\u00e0 kinh nghi\u1ec7m trong vi\u1ec7c ng\u00e2m \u1ee7 g\u1ea1o c\u0169ng nh\u01b0 vi\u1ec7c l\u00e0m kh\u00f4 c\u00e1i b\u00e1nh tr\u00e1ng. N\u1ebfu \u0111\u01b0\u1ee3c l\u00e0m kh\u00f4 b\u1eb1ng c\u00e1ch ph\u01a1i n\u1eafng th\u00ec c\u00e1i b\u00e1nh tr\u00e1ng s\u1ebd l\u01b0u \u0111\u01b0\u1ee3c h\u01b0\u01a1ng th\u01a1m t\u1ef1 nhi\u00ean v\u00e0 ch\u1ea5t l\u01b0\u1ee3ng t\u1ed1t nh\u1ea5t. B\u00e1nh tr\u00e1ng nh\u00fang c\u00f3 th\u1ec3 \u0103n c\u00f9ng v\u1edbi v\u00f4 v\u00e0ng m\u00f3n kh\u00e1c, hay th\u1eadm ch\u00ed b\u00e1nh tr\u00e1ng l\u00e0 m\u00f3n ch\u00ednh \u0111\u01b0\u1ee3c s\u00e1ng t\u1ea1o c\u00f9ng r\u1ea5t nhi\u1ec1u ki\u1ec3u \u0103n kh\u00e1c nhau. Tuy nhi\u00ean \u0111\u00fang l\u00e0 m\u1ed7i m\u1ed9t v\u00f9ng, m\u1ed7i m\u1ed9t \u0111\u1ecba ph\u01b0\u01a1ng th\u00ec v\u0103n h\u00f3a \u0103n b\u00e1nh tr\u00e1ng l\u1ea1i r\u1ea5t kh\u00e1c nhau<\/p>\n","protected":false},"featured_media":1003,"comment_status":"closed","ping_status":"closed","template":"","meta":[],"product_cat":[34],"product_tag":[55,54],"_links":{"self":[{"href":"https:\/\/htxdvnncuuan.com.vn\/index.php?rest_route=\/wp\/v2\/product\/929"}],"collection":[{"href":"https:\/\/htxdvnncuuan.com.vn\/index.php?rest_route=\/wp\/v2\/product"}],"about":[{"href":"https:\/\/htxdvnncuuan.com.vn\/index.php?rest_route=\/wp\/v2\/types\/product"}],"replies":[{"embeddable":true,"href":"https:\/\/htxdvnncuuan.com.vn\/index.php?rest_route=%2Fwp%2Fv2%2Fcomments&post=929"}],"wp:featuredmedia":[{"embeddable":true,"href":"https:\/\/htxdvnncuuan.com.vn\/index.php?rest_route=\/wp\/v2\/media\/1003"}],"wp:attachment":[{"href":"https:\/\/htxdvnncuuan.com.vn\/index.php?rest_route=%2Fwp%2Fv2%2Fmedia&parent=929"}],"wp:term":[{"taxonomy":"product_cat","embeddable":true,"href":"https:\/\/htxdvnncuuan.com.vn\/index.php?rest_route=%2Fwp%2Fv2%2Fproduct_cat&post=929"},{"taxonomy":"product_tag","embeddable":true,"href":"https:\/\/htxdvnncuuan.com.vn\/index.php?rest_route=%2Fwp%2Fv2%2Fproduct_tag&post=929"}],"curies":[{"name":"wp","href":"https:\/\/api.w.org\/{rel}","templated":true}]}}